 - 4*v**2 - 6*v**3 + 5*v**3 + 4 - v**3. Let h(p) = p - 11. Let u be h(8). What is the units digit of r(u)?
6
Suppose 11*w - 14*w = -3*s + 552, 3*s + 3*w - 546 = 0. What is the hundreds digit of s?
1
Let s = 729 + -329. What is the tens digit of s?
0
Let h(g) = -54*g - 29. What is the hundreds digit of h(-3)?
1
Let q be 3*(-1)/3 + 1. What is the units digit of q/(-1) - 48/(-2)?
4
Let o(q) = -7*q + 5. Let f(t) = t + 1. Let y(g) = 4*f(g) - o(g). Let k be y(-1). What is the units digit of (-14 + 0)*18/k?
1
Let m be (2 - 27)/(-5) + 250. Let x = -49 + m. What is the hundreds digit of x?
2
Let s(d) be the third derivative of d**4/12 - 17*d**3/6 - 4*d**2. Let m be s(9). What is the units digit of (m/2)/(3/174)?
9
Let t(j) = j**3 - 7*j**2 + 8*j - 3. Let c be t(6). Suppose -c*s - 105 = -12*s. Suppose -s = -4*v + 253. What is the units digit of v?
2
Let i(y) = -340*y**3 + 2*y**2 + y - 1. Let k be 1*(-4 - (-5 + 2)). What is the hundreds digit of i(k)?
3
Suppose -4*h = -11 - 1, -3*n = 2*h - 4383. What is the thousands digit of n?
1
Let y = 392 - 339. What is the units digit of y?
3
Let m = -15 - 60. What is the tens digit of 30/m - 2364/(-10)?
3
Let y(i) = -i**3 - 3*i**2 - 2*i + 2. Let o be y(-3). Let p = -4 + o. Let b(g) = g**3 - 2*g**2 - 5*g + 3. What is the tens digit of b(p)?
1
Let x = -3 - 9. Let d = x - -16. Suppose 0*f = -d*f + 32. What is the units digit of f?
8
Let r(v) = 20 - 11*v - 17 - v**2 + 2*v**2. Let u be r(11). Suppose u*h - 114 = -3*w + 7*h, -3*h = 9. What is the units digit of w?
4
Let o = 2959 + 30. What is the thousands digit of o?
2
Suppose 5*j = 2*j + 3912. What is the thousands digit of j?
1
Suppose 2*i - 1800 = -4*i. Suppose 5*h - i = h. What is the tens digit of h?
7
Suppose 0 = -3*c + 666 + 1182. What is the units digit of c?
6
Let j be 8/6 - (-12)/(-9). Suppose j*u = 2*u - 224. What is the tens digit of u?
1
Suppose -5*w = 4*l, 5*l + 1 = w - 28. Suppose -o + 4*u = -14, w*u + 30 = 3*o + 12. What is the units digit of (14/4)/(o/20)?
5
Let u = -62 + 62. Suppose 4*d - 5*k - 5 = 582, d - 5*k - 128 = u. What is the tens digit of d?
5
Let y = -20 + 22. Suppose t + 81 + 5 = 5*b, 0 = -b + 4*t + y. What is the tens digit of 724/b + (-8)/36?
4
Suppose -3012 = 2*s + s. Let t = 700 + s. What is the units digit of (-2)/(-9) - t/9?
4
Let z(f) = 106*f**2 - f + 5. What is the units digit of z(-2)?
1
Suppose q + 113 = -2*r, -2*r - 29 = 4*q + 93. Let p = 102 + r. What is the units digit of p?
7
Let r(p) = -p**2 + 2*p + 7. Let b(s) = s - 2. Let d be b(7). Let n be r(d). What is the tens digit of -13*-2*(-4)/n?
1
Suppose 0 = 2*k - 5*k + 12. Let p(j) = 2*j**2 - 7*j + 5. Let i be p(k). Suppose i*f - 5*f = 84. What is the units digit of f?
1
Suppose -243 = -l - 3*j + 636, -l + 861 = -3*j. Let v = l - 580. Suppose -4*f + 9*f - v = 0. What is the tens digit of f?
5
Let r(a) = 206*a**3 - a**2 - 2*a - 1. Let q be r(-1). Let z = q - -368. What is the tens digit of z?
6
What is the thousands digit of 2*11/((-44)/(-9192))?
4
Let k(p) = -2*p**3 - p**2 + 3*p - 1. Let b be k(1). Let d(c) = 60*c**2 + 3*c + 2. What is the units digit of d(b)?
9
What is the tens digit of 2/(8586/15456*-9 - -5)?
5
Let i = 64 - 59. Suppose 2*s + 2*s - 517 = i*a, 3*s - 5*a = 394. What is the hundreds digit of s?
1
Suppose 2*h + 2*w - 172 = 0, 2*h + 3*w - 184 = -2*w. Suppose 3*o - 214 = a + a, 0 = o + 2*a - h. What is the units digit of o?
4
Let w = 17 + -10. Suppose 4*j + w + 9 = 0. What is the tens digit of (j + 2)*(-222)/12?
3
Suppose 0 = -5*z + 371 - 71. Suppose 56 = 4*j - z. What is the tens digit of j?
2
Let o be (1 - 2)/((-2)/6). Suppose -2*p + 170 = o*p. Suppose 4*b - p = 22. What is the tens digit of b?
1
What is the hundreds digit of (((-2)/3)/(-1))/((-6)/(-6057))?
6
Let t = 19 - 0. Let k = t + -19. Suppose g + 4*m - 4 = k, -5*g - 15 = 2*m - 107. What is the tens digit of g?
2
Let a(f) be the third derivative of f**4/6 - 7*f**3 - 12*f**2. What is the units digit of a(14)?
4
Let y(t) = -2*t. Let v be y(5). Let w = v + 41. Let s = w + 36. What is the units digit of s?
7
What is the hundreds digit of ((-3)/6)/((-10)/8380)?
4
Suppose 91 = -4*f + 5*x, 3*x - 6*x + 9 = 0. Let p = -10 - f. Suppose -p*z + 14*z - 60 = 0. What is the units digit of z?
2
Let p(s) = 17*s - 182. What is the tens digit of p(15)?
7
Let b = -21 - -25. Suppose 3*j + 60 = v, 4*j = -b*v + 3*j + 201. Let s = v + -25. What is the tens digit of s?
2
What is the units digit of (-10)/20*(-1281 + 3)?
9
What is the hundreds digit of (4/8)/(3/3)*876?
4
Let t be 9/4*80/15*13. What is the units digit of (t/(-8))/(-13)*(-158)/(-3)?
9
Let i = 2331 - 719. What is the tens digit of 4/6 + i/39?
4
Let j = -479 - -592. What is the hundreds digit of j?
1
Suppose -722 - 296 = -2*h. What is the units digit of h?
9
Let j(c) = -45*c + 15. What is the hundreds digit of j(-7)?
3
What is the tens digit of ((-6)/(-15))/(-2 + (-7705)/(-3850))?
0
Suppose 0 = 117*i - 121*i + 2*d + 1018, 2*i = 5*d + 513. What is the hundreds digit of i?
2
Suppose -b + 219 = -2*n, -4*b + 3*b = 5*n - 212. Suppose 0 = -2*t + 5*x + b, 5*t + 3*x - 625 = -x. What is the hundreds digit of t?
1
Let d(s) = -26*s + 42. Let m be d(1). Let p = -9 + 5. Let k = m + p. What is the units digit of k?
2
Suppose 11*c = 16*c - 3115. What is the units digit of c?
3
Let t(w) = 46*w**2 + 9*w - 16. Let j be t(2). Suppose -5*n + j = -2*x, 3*x = -5*n + 2*x + 177. What is the units digit of n?
6
Let m = 21 + 24. Suppose 143 = 5*w - 4*q - m, -w + 2*q = -34. What is the tens digit of w?
4
Let s(h) = -5*h**3 + 7*h**2 + 6*h - 79. Let z(m) = -4*m**3 + 6*m**2 + 5*m - 80. Let x(j) = 3*s(j) - 4*z(j). What is the tens digit of x(0)?
8
Let u(f) = 2*f**3 + 70*f**2 - 52*f + 60. What is the units digit of u(-35)?
0
Suppose 9801 = 5977*n - 5968*n. What is the hundreds digit of n?
0
Let j be (-1)/(3 + (-122)/40). Let v = 25 - j. Suppose w - 32 = -2*d, 3*w + d - 136 = v*d. What is the tens digit of w?
4
Let w(g) = -3*g + 44. Let n(o) = 8*o - 132. Let y(q) = -4*n(q) - 11*w(q). What is the tens digit of y(0)?
4
Suppose 0 = -13*v - 4*v + 20808. Suppose 3*s + 2*j - 918 = 0, 4*s - j - 2*j - v = 0. What is the units digit of s?
6
What is the tens digit of (-3 - (-1)/((-7)/14)) + 557?
5
Let n(o) = -1. Let u(q) = -q**3 + q**2 + 5*q - 1. Let w(k) = -3*n(k) - u(k). Let t be w(3). Suppose d + t = 30. What is the units digit of d?
3
Let c = 33 + -30. Suppose -2*r + 3*x = -93, 139 + c = 3*r - 4*x. What is the tens digit of r?
5
Let f(o) = o**3 + 9*o**2 - 18*o - 52. Let b be f(-10). Let l = 32 + b. What is the tens digit of l?
6
Let u = -565 - -873. What is the tens digit of (u/5 - (-8)/20) + 2?
6
Let u(s) be the second derivative of s**4/12 - 2*s**3 + 3*s**2/2 + 3*s. Let d be u(12). Suppose 0 = -d*t - 0*t + 99. What is the units digit of t?
3
Let l(o) = 43 + 4*o - 17*o + 18 - 23*o + 5*o**2. Let f(y) = -2*y**2 + 18*y - 30. Let c(n) = -7*f(n) - 3*l(n). What is the units digit of c(-16)?
9
Suppose 5*x - 21*x + 6320 = 0. What is the tens digit of x?
9
Let v(u) = -3*u + 7. Let i(q) = -4*q + 8. Let r(t) = 5*i(t) - 6*v(t). Suppose -10 = 2*g + 3*g. What is the units digit of r(g)?
2
Let n(a) = a**2 + 32*a - 257. What is the units digit of n(8)?
3
Suppose 0 = 4*y - 3 - 201. Let r = 537 - 537. Suppose r = 4*h - 1 - y. What is the tens digit of h?
1
Let c(o) = o**2 + 8*o - 8. Let n be c(-9). Suppose 27 = 2*f - n. What is the units digit of f?
4
Let a = -23 - -31. Suppose -9*d = -a*d - 4. What is the units digit of d?
4
Suppose 4*r = 84 + 216. Suppose r = -h + 4*h - 4*z, 5*z = -15. Suppose -i = -3*u - h, 4*i + 2*u - 3*u = 73. What is the units digit of i?
8
Suppose 0 = 5*c - 76 - 39. Suppose c = x - 9. Let w = x - 18. What is the units digit of w?
4
Let z = -7 + 1374. What is the hundreds digit of z?
3
Suppose 52 + 32 = 3*u. What is the tens digit of u?
2
Let j = -50 - -266. Let r = j + -98. What is the units digit of r?
8
Let c = 666 - 279. What is the units digit of c?
7
Suppose 2396 = 3*z + 3*k - 7387, 2*z = -3*k + 6525. What is the units digit of z?
8
Let f = 21 + -6. Let v = f - 12. Suppose -36 = -3*p + 2*w, -v*p + 2*w + 3*w = -36. What is the units digit of p?
2
Let c(t) = -t + 8. Let m = 18 - 10. Let h be c(m). Suppose h = 3*d - 8*d + 195. What is the tens digit of d?
3
Let j(d) = d**2 - 11*d - 20. Let x be j(16)